Does 1361 divide 700611497?
True
Is 601420187 a multiple of 6?
False
Does 15 divide 162855040?
False
Is 29542861 a multiple of 4251?
False
Is 29890995 a multiple of 1214?
False
Does 643 divide 344478516?
False
Is 436268784 a multiple of 161?
True
Is 18550630 a multiple of 7?
True
Is 58 a factor of 57002516?
True
Does 31 divide 400938593?
True
Does 156 divide 329315928?
False
Is 33 a factor of 26720958?
True
Is 1224070016 a multiple of 4513?
True
Is 9844350 a multiple of 15?
True
Is 7176 a factor of 910773674?
False
Is 516 a factor of 23315731?
False
Is 1740122475 a multiple of 273?
True
Does 484 divide 132493064?
True
Does 386 divide 10022104?
True
Is 414311177 a multiple of 5?
False
Does 1953 divide 2389740198?
False
Is 5098720 a multiple of 8?
True
Does 1403 divide 2324593857?
False
Does 999 divide 1412662030?
False
Does 10353 divide 2572184142?
False
Is 1424934336 a multiple of 38?
True
Is 63331275 a multiple of 25?
True
Is 21959611 a multiple of 19?
True
Is 5646295 even?
False
Is 6 a factor of 669899630?
False
Does 25 divide 1048126150?
True
Is 44153338 a multiple of 9?
False
Does 1087 divide 17635985?
False
Is 816 a factor of 31625086?
False
Is 75648005 a multiple of 32?
False
Is 1196 a factor of 142531768?
False
Does 2614 divide 16504796?
True
Is 677729192 a multiple of 196?
True
Is 33 a factor of 223369146?
True
Is 12 a factor of 154143696?
True
Is 183 a factor of 423878786?
False
Is 3045150 a multiple of 909?
True
Is 4180 a factor of 83592550?
False
Does 9056 divide 2872626592?
True
Is 1184 a factor of 484772318?
False
Does 916 divide 8816500?
True
Does 92 divide 209687703?
False
Does 16742 divide 5282542590?
False
Is 15 a factor of 7497727?
False
Does 3856 divide 1027049456?
True
Does 12 divide 11674956?
True
Does 6 divide 64815930?
True
Does 186 divide 12973872?
True
Does 30 divide 241372213?
False
Is 49130390 a multiple of 45?
False
Does 2875 divide 141172533?
False
Is 181755806 a multiple of 5?
False
Is 619952221 a multiple of 351?
False
Is 5 a factor of 379130302?
False
Does 269 divide 1648866376?
False
Is 91308619 a multiple of 242?
False
Is 24258060 a multiple of 29?
False
Does 11 divide 7454975?
True
Does 3 divide 4073325?
True
Does 179 divide 683187363?
False
Is 87 a factor of 219115870?
False
Is 19814460 a multiple of 116?
False
Is 1190650167 a multiple of 7?
True
Is 281074969 a multiple of 553?
True
Is 369101947 a multiple of 399?
False
Is 19 a factor of 218187716?
True
Is 599 a factor of 1354814007?
True
Is 76 a factor of 1867968369?
False
Is 33445368 a multiple of 2?
True
Is 2098108013 a multiple of 21?
False
Is 14 a factor of 223481684?
False
Is 592976790 a multiple of 210?
True
Does 191 divide 138556748?
True
Is 130493224 a multiple of 34?
True
Does 843 divide 14293065?
True
Does 11 divide 5350907381?
False
Is 1464 a factor of 1270425?
False
Is 4 a factor of 3395297?
False
Does 36 divide 64992029?
False
Is 325882560 a multiple of 30?
True
Does 398 divide 69430884?
False
Is 2535264 a multiple of 32?
True
Is 2238397140 a multiple of 555?
True
Is 1400776242 a multiple of 5621?
False
Is 33562550 a multiple of 103?
True
Does 185 divide 134301048?
False
Is 3 a factor of 5289837?
True
Is 79021625 a multiple of 197?
True
Is 365461951 a multiple of 7465?
False
Does 12 divide 71966724?
True
Is 170483223 a multiple of 97?
True
Is 2966411840 a multiple of 11944?
True
Does 705 divide 35677712?
False
Is 77 a factor of 619142892?
False
Is 335 a factor of 58996320?
False
Is 93211700 a multiple of 86?
False
Does 8 divide 5155728?
True
Is 1666 a factor of 139736756?
False
Does 1286 divide 16788730?
True
Is 14 a factor of 329917392?
True
Does 632 divide 46716808?
True
Does 21 divide 3251446192?
False
Is 149373845 a multiple of 22?
False
Is 7697815 a multiple of 91?
False
Is 683483431 a multiple of 574?
False
Is 179043999 a multiple of 811?
False
Does 1015 divide 157119696?
False
Is 660 a factor of 2357520?
True
Is 11568012 a multiple of 12?
True
Is 209 a factor of 201690089?
False
Is 81 a factor of 41998662?
True
Is 390734256 a multiple of 33?
True
Does 5 divide 22139950?
True
Is 312772446 a multiple of 6?
True
Does 94 divide 2654748?
True
Is 2684421780 a multiple of 743?
False
Does 131 divide 1362150052?
True
Is 54 a factor of 15393456?
True
Is 896 a factor of 72702697?
False
Does 592 divide 19717744?
True
Does 38 divide 360437600?
True
Does 112 divide 114943024?
True
Is 13 a factor of 5560113?
True
Does 211 divide 7704343?
False
Is 675028518 a multiple of 1811?
True
Is 32044830 a multiple of 6?
True
Is 705 a factor of 85906366?
False
Does 1343 divide 11106610?
True
Does 58 divide 37459411?
False
Does 320 divide 37032960?
True
Is 360458712 a multiple of 9?
True
Does 601 divide 61010515?
True
Is 3673 a factor of 2824470579?
False
Is 2350 a factor of 542114450?
True
Does 5 divide 80480015?
True
Is 934 a factor of 19043483?
False
Is 45298192 a multiple of 11?
False
Does 1117 divide 78890359?
True
Is 7 a factor of 66429442?
False
Is 120341155 a multiple of 29?
True
Is 3493 a factor of 212552543?
True
Does 14 divide 12157972?
False
Is 3892 a factor of 1367874536?
True
Does 144 divide 266000400?
True
Is 1797 a factor of 82049223?
True
Is 14362161 a multiple of 33?
True
Is 1946 a factor of 588038388?
True
Does 3899 divide 578689580?
True
Does 172 divide 31891263?
False
Is 1740 a factor of 328456703?
False
Does 3577 divide 1424468810?
False
Is 886426447 a multiple of 47?
False
Is 2065594631 a multiple of 4371?
False
Does 721 divide 19533332?
True
Does 18 divide 2641500036?
True
Is 2603 a factor of 622049322?
True
Does 4 divide 12599776?
True
Is 1113 a factor of 16700565?
True
Is 3144663 a multiple of 27?
True
Does 26 divide 8393716?
False
Is 7484776 a multiple of 158?
True
Is 8 a factor of 345692706?
False
Is 20 a factor of 183839760?
True
Does 8 divide 58176912?
True
Is 17487907 a multiple of 23?
False
Is 5953364406 a multiple of 5478?
True
Is 31276895 a multiple of 101?
False
Does 782 divide 2452793048?
True
Is 947894406 a multiple of 87?
True
Is 110 a factor of 1925832545?
False
Is 326345488 a multiple of 50?
False
Does 62 divide 54471774?
True
Does 695 divide 453626078?
False
Does 262 divide 520373396?
True
Is 2451 a factor of 162259227?
False
Is 33987657 a multiple of 11?
True
Is 465018 a multiple of 2397?
True
Does 56 divide 580394248?
True
Is 5799351 a multiple of 19?
True
Does 117 divide 28784808?
True
Is 11204721 a multiple of 24?
False
Does 11 divide 2190108305?
True
Is 143 a factor of 20311720?
True
Is 2892255660 a multiple of 18?
True
Is 15 a factor of 4468471918?
False
Is 1234 a factor of 805653920?
True
Does 978 divide 93397530?
False
Does 261 divide 3596971?
False
Does 121 divide 26898081?
False
Is 4654 a factor of 1817079836?
True
Is 17782648 a multiple of 652?
True
Does 10 divide 201228934?
False
Is 112614808 a multiple of 46?
True
Is 9376687 a multiple of 16?
False
Is 21143272 a multiple of 50?
False
Is 6440 a factor of 4092841490?
False
Is 1319 a factor of 1033879684?
True
Is 62 a factor of 62671522?
True
Is 47 a factor of 10291499?
False
Does 2923 divide 37376401?
True
Is 547 a factor of 25158994?
False
Is 36974475 a multiple of 4185?
True
Is 96 a factor of 10014600?
False
Does 3299 divide 5790686?
False
Is 3785 a factor of 809475240?
True
Does 18 divide 1047673812?
False
Does 1110 divide 77475471?
False
Is 2 a factor of 30078?
True
Is 37670820 a multiple of 50?
False
Is 24743384 a multiple of 7?
False
Does 4121 divide 139598875?
True
Is 351 a factor of 112347695?
False
Is 46293552 a multiple of 1061?
True
Is 2031638730 a multiple of 1562?
True
Does 11 divide 384989345?
False
Is 132828875 a multiple of 420?
False
Is 7279 a factor of 139858706?
True
Does 3128 divide 3058557778?
False
Is 983757447 a multiple of 396?
False
Is 971709056 a multiple of 16?
True
Is 14295144 a multiple of 114?
True
Does 89 divide 23349513?
False
Is 522692391 a multiple of 13?
True
Is 10776 a factor of 342590592?
True
Is 863 a factor of 87623429?
False
Is 41 a factor of 89212761?
True
Is 570 a factor of 126595290?
True
Is 2 a factor of 217196321?
False
Does 48 divide 104731104?
True
Is 391 a factor of 59640056?
False
Is 1164872305 a multiple of 131?
True
Is 46 a factor of 36735238?
False
Does 11 divide 252178432?
True
Does 686 divide 16073666?
Tru